to base 15
-5db
Convert 63c (base 14) to base 15.
570
What is -101010101001 (base 2) in base 16?
-aa9
Convert 2321 (base 6) to base 13.
337
Convert -9495 (base 13) to base 2.
-101000001011011
What is -133 (base 4) in base 14?
-23
Convert 14a (base 14) to base 13.
172
What is 210344 (base 5) in base 9?
10508
10302 (base 7) to base 5
40200
Convert 1014 (base 7) to base 2.
101100010
1101111110 (base 2) to base 4
31332
-692 (base 13) to base 15
-508
11000000 (base 2) to base 7
363
What is 1151 (base 7) in base 10?
428
Convert -5875 (base 10) to base 9.
-8047
What is 331 (base 8) in base 9?
261
-73 (base 13) to base 14
-6a
Convert 24c (base 16) to base 4.
21030
Convert a2d (base 16) to base 12.
1611
What is 913 (base 16) in base 5?
33243
What is 1129 (base 12) in base 4?
131301
1355 (base 14) to base 6
23435
What is -54150 (base 7) in base 11?
-a128
What is 149 (base 12) in base 11?
173
122012 (base 3) to base 11
392
110001101 (base 2) to base 13
247
111013 (base 4) to base 8
2507
-1555 (base 13) to base 15
-dc7
Convert 806 (base 10) to base 8.
1446
What is -856 (base 10) in base 9?
-1151
What is -5853 (base 12) in base 6?
-113343
What is 1001000010001 (base 2) in base 16?
1211
Convert 1013403 (base 5) to base 10.
16728
12c (base 16) to base 13
1a1
What is 11988 (base 15) in base 13?
1c736
cb9 (base 13) to base 16
884
What is -1000011010110 (base 2) in base 14?
-17dc
-1716 (base 14) to base 13
-1b62
Convert -1052 (base 10) to base 6.
-4512
What is -2525 (base 12) in base 11?
-3183
What is 15066 (base 8) in base 11?
5050
Convert 211041 (base 5) to base 7.
26320
What is -1331310 (base 4) in base 9?
-12036
-552 (base 9) to base 5
-3302
What is 980 (base 10) in base 6?
4312
-2446 (base 7) to base 12
-644
Convert 42323 (base 7) to base 6.
120222
-83b (base 15) to base 12
-10a8
What is 100110111101011 (base 2) in base 3?
1000100210
What is 3207 (base 12) in base 7?
21655
Convert 8e9 (base 15) to base 5.
31034
What is 1011010110 (base 3) in base 10?
22692
-6068 (base 9) to base 7
-15635
What is 63c (base 16) in base 3?
2012010
210200 (base 3) to base 4
21021
What is 18b0 (base 13) in base 9?
5052
-226 (base 16) to base 10
-550
-112313 (base 4) to base 5
-21323
8602 (base 11) to base 16
2c70
-1304 (base 9) to base 3
-1100011
60b (base 12) to base 3
1012102
Convert -905 (base 12) to base 3.
-1210012
Convert 1126 (base 12) to base 4.
131232
What is -12002 (base 3) in base 11?
-115
13545 (base 6) to base 11
1688
What is 43224 (base 5) in base 11?
2232
-2110024 (base 5) to base 2
-1000100011000110
205 (base 13) to base 16
157
-2245 (base 11) to base 16
-b89
Convert 196 (base 16) to base 9.
501
What is 428 (base 10) in base 14?
228
Convert 714a (base 11) to base 9.
14016
What is -2101211 (base 3) in base 16?
-6d6
What is -50512 (base 6) in base 4?
-1220030
Convert 8159 (base 10) to base 15.
263e
4441 (base 10) to base 4
1011121
Convert -12134 (base 8) to base 4.
-1101130
-47c1 (base 13) to base 2
-10011110010000
4064 (base 10) to base 13
1b08
What is -102300 (base 6) in base 9?
-12360
What is 15523 (base 9) in base 8?
24610
Convert 221301 (base 4) to base 12.
1669
What is -2123331 (base 4) in base 16?
-26fd
Convert 300050 (base 6) to base 2.
101101100111110
What is 271 (base 12) in base 5?
2443
Convert 1000001101 (base 2) to base 16.
20d
What is 5431 (base 6) in base 12?
877
What is -14431 (base 5) in base 2?
-10011011001
-48731 (base 9) to base 11
-22601
What is 19c4 (base 13) in base 3?
12022122
-1b988 (base 12) to base 13
-1595c
Convert -110000011001 (base 2) to base 4.
-300121
What is -11500 (base 6) in base 12?
-b90
What is -7587 (base 15) in base 4?
-12010231
What is -6b8 (base 16) in base 4?
-122320
What is 2051b (base 13) in base 11?
3a62a
Convert -162a (base 14) to base 15.
-128d
Convert -29430 (base 10) to base 15.
-8ac0
What is -24b (base 14) in base 8?
-713
What is 133b1 (base 12) in base 10?
26485
Convert 263631 (base 7) to base 16.
c0d5
54037 (base 8) to base 2
101100000011111
20202021 (base 3) to base 5
124141
-38c3 (base 13) to base 2
-1111110100110
What is -48733 (base 9) in base 10?
-32673
What is 1122 (base 7) in base 13?
255
Convert -b68 (base 12) to base 3.
-2021122
-114 (base 5) to base 13
-28
Convert 121 (base 4) to base 14.
1b
1784 (base 12) to base 13
13a2
20033 (base 4) to base 5
4102
Convert 2d3c (base 15) to base 12.
5770
1468 (base 9) to base 15
4e5
What is 257 (base 16) in base 8?
1127
Convert -742 (base 13) to base 11.
-a25
-1334212 (base 6) to base 12
-37368
-3b4 (base 13) to base 5
-10104
What is 110001 (base 2) in base 5?
144
What is 445 (base 8) in base 4?
10211
Convert 27103 (base 8) to base 3.
121020122
What is 30042 (base 5) in base 9?
2537
What is aa (base 13) in base 2?
10001100
What is 1010112 (base 4) in base 7?
15516
What is -295 (base 12) in base 3?
-112212
Convert -e6 (base 16) to base 7.
-446
Convert 10342 (base 7) to base 8.
5022
Convert 1520 (base 8) to base 9.
1142
-3042 (base 5) to base 6
-1501
What is 15e3 (base 15) in base 3?
20110120
Convert -651a (base 15) to base 8.
-51630
Convert 111000001 (base 2) to base 15.
1ee
Convert 120012 (base 3) to base 16.
19a
What is -917 (base 10) in base 13?
-557
Convert 39 (base 16) to base 10.
57
Convert 15353 (base 8) to base 10.
6891
Convert -2111 (base 3) to base 8.
-103
What is -1212013 (base 5) in base 2?
-101100011100110
Convert 470 (base 12) to base 15.
2e0
Convert 10010102 (base 3) to base 15.
a1e
Convert -2232112 (base 4) to base 7.
-44350
Convert -3853 (base 11) to base 6.
-35123
1132424 (base 6) to base 3
2222210221
Convert -2101 (base 5) to base 12.
-1b0
-71 (base 12) to base 7
-151
Convert 36b1 (base 13) to base 4.
1321011
What is 202011 (base 3) in base 5?
4134
207 (base 8) to base 14
99
-b3 (base 16) to base 7
-344
-110100001 (base 2) to base 16
-1a1
What is -2031 (base 9) in base 5?
-21421
Convert -b313 (base 13) to base 11.
-17606
What is -5233 (base 11) in base 9?
-10453
What is 334 (base 12) in base 3?
122111
-267 (base 16) to base 4
-21213
bb0a (base 16) to base 5
3013012
Convert -1221012 (base 3) to base 2.
-10110000001
What is 210000020 (base 3) in base 5?
442230
What is 3a46 (base 15) in base 5?
344231
Convert 3756 (base 11) to base 9.
6645
Convert 86b (base 16) to base 15.
98a
Convert ac (base 15) to base 3.
20000
Convert 29c (base 13) to base 2.
111010011
Convert -988 (base 14) to base 9.
-2523
Convert -21 (base 6) to base 13.
-10
Convert -514a (base 15) to base 14.
-6386
-2963 (base 10) to base 6
-21415
Convert -122235 (base 6) to base 13.
-4c61
1584 (base 15) to base 12
2814
Convert 1213 (base 7) to base 8.
703
Convert -13702 (base 8) to base 9.
-8307
Convert 699 (base 16) to base 15.
779
Convert 4667 (base 9) to base 7.
13045
What is -23100 (base 4) in base 12?
-500
43201 (base 5) to base 7
11350
What is -211 (base 3) in base 13?
-19
Convert -521 (base 10) to base 6.
-2225
What is -10011001110010 (base 2) in base 10?
-9842
Convert 21212 (base 3) to base 8.
324
Convert b7 (base 16) to base 8.
267
Convert 1000011000 (base 2) to base 5.
4121
1103 (base 7) to base 12
28b
Convert 20243 (base 5) to base 14.
6a7
256 (base 14) to base 9
570
Convert -b0b6 (base 14) to base 15.
-8ece
b91b (base 13) to base 9
38238
-21134 (base 6) to base 8
-5462
3106 (base 15) to base 2
10100001110100
Convert 102100020 (base 3) to base 15.
26b3
Convert 1590 (base 12) to base 10.
2556
Convert -3322 (base 4) to base 14.
-13c
c36 (base 15) to base 8
5277
Convert 10051 (base 8) to base 16.
1029
What is -1a4 (base 13) in base 2?
-100101111
What is -1 (base 7) in base 12?
-1
Convert 7ce (base 15) to base 9.
2375
Convert 246 (base 13) to base 6.
1500
What is -3433 (base 6) in base 4?
-30231
What is -208b (base 14) in base 7?
-22234
Convert 43510 (base 6) to base 10.
6018
What is -4581 (base 13) in base 11?
-7353
What is -10101110000010 (base 2) in base 16?
-2b82
-414442 (base 6) to base 5
-2032214
5352 (base 14) to base 7
56632
827 (base 15) to base 10
1837
What is -3caa (base 16) in base 9?
-23265
Convert 3946 (base 10) to base 15.
1281
Convert -2690 (base 12) to base 7.
-15624
What is -995 (base 15) in base 11?
-1699
13849 (base 10) to base 13
63c4
What is -2101012 (base 3) in base 11?
-1336
1326 (base 10) to base 15
5d6
5010 (base 7) to base 3
2100210
What is -b5b (base 16